{"id":32,"date":"2012-12-07T14:02:34","date_gmt":"2012-12-07T20:02:34","guid":{"rendered":"http:\/\/estudiosgenealogicos.org\/bilylopez\/?page_id=32"},"modified":"2013-02-05T22:17:11","modified_gmt":"2013-02-06T04:17:11","slug":"formacion-academica","status":"publish","type":"page","link":"https:\/\/estudiosgenealogicos.org\/bilylopez\/formacion-academica\/","title":{"rendered":"Formaci\u00f3n acad\u00e9mica"},"content":{"rendered":"<p style=\"text-align: justify\">Licenciado en Filosof\u00eda por la Facultad de Filosof\u00eda y Letras de la UNAM. Examen profesional: 20 de abril de 2004.<\/p>\n<p style=\"text-align: justify\">Maestro en Filosof\u00eda (\u00e1rea de Est\u00e9tica y Filosof\u00eda de la Cultura) por la Divisi\u00f3n de Estudios de Posgrado de la Facultad de Filosof\u00eda y Letras de la UNAM. Examen de grado: 07 de septiembre de 2006.<\/p>\n<p style=\"text-align: justify\">Doctor en Filosof\u00eda (\u00e1rea de Est\u00e9tica y Filosof\u00eda de la Cultura) por la Divisi\u00f3n de Estudios de Posgrado de la Facultad de Filosof\u00eda y Letras de la UNAM. Examen de grado: 21 de octubre de 2010.<\/p>\n","protected":false},"excerpt":{"rendered":"<p>Licenciado en Filosof\u00eda por la Facultad de Filosof\u00eda y Letras de la UNAM. Examen profesional: 20 de abril de 2004. Maestro en Filosof\u00eda (\u00e1rea de Est\u00e9tica y Filosof\u00eda de la Cultura) por la Divisi\u00f3n de Estudios de Posgrado de la &hellip; <a href=\"https:\/\/estudiosgenealogicos.org\/bilylopez\/formacion-academica\/\">Sigue leyendo <span class=\"meta-nav\">&rarr;<\/span><\/a><\/p>\n","protected":false},"author":3,"featured_media":0,"parent":0,"menu_order":0,"comment_status":"open","ping_status":"open","template":"","meta":{"_bbp_topic_count":0,"_bbp_reply_count":0,"_bbp_total_topic_count":0,"_bbp_total_reply_count":0,"_bbp_voice_count":0,"_bbp_anonymous_reply_count":0,"_bbp_topic_count_hidden":0,"_bbp_reply_count_hidden":0,"_bbp_forum_subforum_count":0,"footnotes":""},"class_list":["post-32","page","type-page","status-publish","hentry"],"_links":{"self":[{"href":"https:\/\/estudiosgenealogicos.org\/bilylopez\/wp-json\/wp\/v2\/pages\/32","targetHints":{"allow":["GET"]}}],"collection":[{"href":"https:\/\/estudiosgenealogicos.org\/bilylopez\/wp-json\/wp\/v2\/pages"}],"about":[{"href":"https:\/\/estudiosgenealogicos.org\/bilylopez\/wp-json\/wp\/v2\/types\/page"}],"author":[{"embeddable":true,"href":"https:\/\/estudiosgenealogicos.org\/bilylopez\/wp-json\/wp\/v2\/users\/3"}],"replies":[{"embeddable":true,"href":"https:\/\/estudiosgenealogicos.org\/bilylopez\/wp-json\/wp\/v2\/comments?post=32"}],"version-history":[{"count":3,"href":"https:\/\/estudiosgenealogicos.org\/bilylopez\/wp-json\/wp\/v2\/pages\/32\/revisions"}],"predecessor-version":[{"id":98,"href":"https:\/\/estudiosgenealogicos.org\/bilylopez\/wp-json\/wp\/v2\/pages\/32\/revisions\/98"}],"wp:attachment":[{"href":"https:\/\/estudiosgenealogicos.org\/bilylopez\/wp-json\/wp\/v2\/media?parent=32"}],"curies":[{"name":"wp","href":"https:\/\/api.w.org\/{rel}","templated":true}]}}