{"id":24,"date":"2012-12-01T09:41:25","date_gmt":"2012-12-01T09:41:25","guid":{"rendered":"http:\/\/estudiosgenealogicos.org\/choreno\/?page_id=24"},"modified":"2012-12-01T09:41:25","modified_gmt":"2012-12-01T09:41:25","slug":"mesas-redondas","status":"publish","type":"page","link":"https:\/\/estudiosgenealogicos.org\/choreno\/difusion\/mesas-redondas\/","title":{"rendered":"Mesas Redondas"},"content":{"rendered":"<div>(participaci\u00f3n como ponente)<\/div>\n<div>\n<p>&nbsp;<\/p>\n<h4><strong>Er\u00f3tica: el arte de una vida amorosa en la Ciudad como pol\u00edtica y estrategia de los cuerpos enamorados<\/strong><\/h4>\n<h4><strong><\/strong>Ponencia le\u00edda en la Mesa Redonda \u00abCuerpo y erotismo\u00bb, que se llev\u00f3 a cabo en la FES-Acatl\u00e1n del 5 al 7 de septiembre de 2011, como parte de las actividades del Coloquio \u201cFilosof\u00eda del cuerpo\u201d.<\/h4>\n<p>&nbsp;<\/p>\n<h4><strong>El cuerpo como territorio bald\u00edo<\/strong><\/h4>\n<h4><strong><\/strong>Ponencia le\u00edda en la Mesa Redonda: \u00abLo que puede un cuerpo\u00bb, celebrada el jueves 24 de marzo como parte del Ciclo de Charlas \u00abLa Filosof\u00eda a las calles\u00bb, organizada por el Colegio de Filosof\u00eda de la Facultad de Filosof\u00eda y Letras de la UNAM y el Ateneo Mexicano de la Juventud, A. C., con apoyo de la UAM-Xochimilco, Universidad del Claustro de Sor Juana, la Asociaci\u00f3n Filos\u00f3fica de M\u00e9xico, la Asociaci\u00f3n Filosof\u00eda y Liberaci\u00f3n y la Revista Mil Mesetas.<\/h4>\n<p>&nbsp;<\/p>\n<h4><strong>Con la mirada de Tiresias: Apuntes sobre el humanismo cultural de Pedro Henr\u00edquez Ure\u00f1a<\/strong><\/h4>\n<h4><strong><\/strong>Ponencia le\u00edda el 24 de abril de 2007, en la Mesa Redonda: \u201cEn torno al pensamiento de Pedro Henr\u00edquez Ure\u00f1a\u201d, que se llev\u00f3 a cabo en la Facultad de Filosof\u00eda y Letras de la Universidad Nacional Aut\u00f3noma de M\u00e9xico, como parte de las actividades acad\u00e9micas de la\u00a0<em>C\u00e1tedra Especial Samuel Ramos<\/em>\u00a0(Semestre 2007-2).<\/h4>\n<p>&nbsp;<\/p>\n<h4><strong>Samuel Ramos frente a la crisis cultural de su \u00e9poca<\/strong><\/h4>\n<h4><strong><\/strong>Ponencia le\u00edda el 27 de abril de 2006, en la Mesa Redonda: \u201cLa est\u00e9tica en Samuel Ramos\u201d, que se llev\u00f3 a cabo en la Facultad de Filosof\u00eda y Letras de la Universidad Nacional Aut\u00f3noma de M\u00e9xico, como parte de las actividades acad\u00e9micas de la\u00a0<em>C\u00e1tedra Especial Samuel Ramos\u00a0<\/em>(Semestre 2006-2).<\/h4>\n<p>&nbsp;<\/p>\n<h4><strong>Los problemas de la cultura en M\u00e9xico. \u00bfUna perspectiva filos\u00f3fica o terap\u00e9utica?<\/strong><\/h4>\n<h4><strong><\/strong>Ponencia le\u00edda el 8 de noviembre de 2005, en la Mesa Redonda: \u201cFilosof\u00eda de la cultura en Samuel Ramos\u201d, que se llev\u00f3 a cabo en la Facultad de Filosof\u00eda y Letras de la Universidad Nacional Aut\u00f3noma de M\u00e9xico, como parte de las actividades acad\u00e9micas de la<em>\u00a0C\u00e1tedra Especial Samuel Ramos\u00a0<\/em>(Semestre 2006-1).<\/h4>\n<p>&nbsp;<\/p>\n<h4><strong>Samuel Ramos y la\u00a0<em>Historia de la Filosof\u00eda\u00a0<\/em><em>en M\u00e9xico<\/em>. Reflexiones sobre la historicidad del hombre y la filosof\u00eda<\/strong><\/h4>\n<h4><strong><\/strong>Ponencia le\u00edda el 29 de noviembre de 2005, en la Mesa Redonda: \u201cLa Historia de la filosof\u00eda en Samuel Ramos\u201d, que se llev\u00f3 a cabo en la Facultad de Filosof\u00eda y Letras de la Universidad Nacional Aut\u00f3noma de M\u00e9xico, como parte de las actividades acad\u00e9micas de la<em>\u00a0C\u00e1tedra Especial Samuel Ramos<\/em>\u00a0(Semestre 2006-1).<\/h4>\n<p>&nbsp;<\/p>\n<h4><strong>Comentarios sobre mito y tradici\u00f3n<\/strong><\/h4>\n<h4><strong><\/strong>Ponencia le\u00edda el 25 de mayo de 2005 en la Mesa Redonda: \u201cMito y tradici\u00f3n\u201d, que se llev\u00f3 a cabo en la Facultad de Filosof\u00eda y Letras de la Universidad Nacional Aut\u00f3noma de M\u00e9xico, como parte de las actividades acad\u00e9micas de las<em>\u00a0Jornadas sobre la actualidad del mito<\/em>.<\/h4>\n<p>&nbsp;<\/p>\n<h4><strong>Comentarios sobre los mitos contempor\u00e1neos<\/strong><\/h4>\n<h4><strong><\/strong>Ponencia le\u00edda el 27 de mayo de 2005 en\u00a0 la Mesa Redonda: \u201cLos grandes mitos del mundo contempor\u00e1neo\u201d, que se llev\u00f3 a cabo en la Facultad de Filosof\u00eda y Letras de la Universidad Nacional Aut\u00f3noma de M\u00e9xico, como parte de las actividades acad\u00e9micas de las\u00a0<em>Jornadas sobre la actualidad del mito<\/em>.<\/h4>\n<p>&nbsp;<\/p>\n<h4><strong>Im\u00e1genes del delirio<\/strong><\/h4>\n<h4><strong><\/strong>Presentaci\u00f3n multimedia que se llev\u00f3 a cabo el 2 de junio de 2004, dentro de las actividades acad\u00e9micas del\u00a0<em>Homenaje a Foucault<\/em>, organizado por el Colegio de Filosof\u00eda de la Facultad de Filosof\u00eda y Letras de la Universidad Nacional Aut\u00f3noma de M\u00e9xico.<\/h4>\n<p>&nbsp;<\/p>\n<h4><strong>El hombre hiperinformado<\/strong><\/h4>\n<h4><strong><\/strong>Ponencia le\u00edda el 5 de Noviembre de 1999, en la Mesa: \u201cEl hombre hiperinformado\u201d, que se organiz\u00f3 como parte del ciclo:\u00a0<em>\u201cCharlas de caf\u00e9 entre universitarios\u201d<\/em>, en\u00a0 \u201cCasa Juan Pablos de Coyoac\u00e1n\u201d, con apoyo de la Facultad de Filosof\u00eda y Letras de la<em>\u00a0<\/em>Universidad Nacional Aut\u00f3noma de M\u00e9xico.<\/h4>\n<p>&nbsp;<\/p>\n<\/div>\n","protected":false},"excerpt":{"rendered":"<p>(participaci\u00f3n como ponente) &nbsp; Er\u00f3tica: el arte de una vida amorosa en la Ciudad como pol\u00edtica y estrategia de los cuerpos enamorados Ponencia le\u00edda en la Mesa Redonda \u00abCuerpo y erotismo\u00bb, que se llev\u00f3 a cabo en la FES-Acatl\u00e1n del &hellip; <a href=\"https:\/\/estudiosgenealogicos.org\/choreno\/difusion\/mesas-redondas\/\">Sigue leyendo <span class=\"meta-nav\">&rarr;<\/span><\/a><\/p>\n","protected":false},"author":6,"featured_media":0,"parent":6,"menu_order":1,"comment_status":"open","ping_status":"open","template":"","meta":{"_bbp_topic_count":0,"_bbp_reply_count":0,"_bbp_total_topic_count":0,"_bbp_total_reply_count":0,"_bbp_voice_count":0,"_bbp_anonymous_reply_count":0,"_bbp_topic_count_hidden":0,"_bbp_reply_count_hidden":0,"_bbp_forum_subforum_count":0,"_crdt_document":"","footnotes":""},"class_list":["post-24","page","type-page","status-publish","hentry"],"jetpack_sharing_enabled":true,"_links":{"self":[{"href":"https:\/\/estudiosgenealogicos.org\/choreno\/wp-json\/wp\/v2\/pages\/24","targetHints":{"allow":["GET"]}}],"collection":[{"href":"https:\/\/estudiosgenealogicos.org\/choreno\/wp-json\/wp\/v2\/pages"}],"about":[{"href":"https:\/\/estudiosgenealogicos.org\/choreno\/wp-json\/wp\/v2\/types\/page"}],"author":[{"embeddable":true,"href":"https:\/\/estudiosgenealogicos.org\/choreno\/wp-json\/wp\/v2\/users\/6"}],"replies":[{"embeddable":true,"href":"https:\/\/estudiosgenealogicos.org\/choreno\/wp-json\/wp\/v2\/comments?post=24"}],"version-history":[{"count":1,"href":"https:\/\/estudiosgenealogicos.org\/choreno\/wp-json\/wp\/v2\/pages\/24\/revisions"}],"predecessor-version":[{"id":25,"href":"https:\/\/estudiosgenealogicos.org\/choreno\/wp-json\/wp\/v2\/pages\/24\/revisions\/25"}],"up":[{"embeddable":true,"href":"https:\/\/estudiosgenealogicos.org\/choreno\/wp-json\/wp\/v2\/pages\/6"}],"wp:attachment":[{"href":"https:\/\/estudiosgenealogicos.org\/choreno\/wp-json\/wp\/v2\/media?parent=24"}],"curies":[{"name":"wp","href":"https:\/\/api.w.org\/{rel}","templated":true}]}}