{"id":28,"date":"2012-12-01T09:44:29","date_gmt":"2012-12-01T09:44:29","guid":{"rendered":"http:\/\/estudiosgenealogicos.org\/choreno\/?page_id=28"},"modified":"2014-09-14T20:18:25","modified_gmt":"2014-09-15T02:18:25","slug":"formacion-cultural-de-las-sociedades-contemporaneas","status":"publish","type":"page","link":"https:\/\/estudiosgenealogicos.org\/choreno\/proyectos-de-investigacion\/formacion-cultural-de-las-sociedades-contemporaneas\/","title":{"rendered":"Formaci\u00f3n cultural de las sociedades contempor\u00e1neas"},"content":{"rendered":"<p style=\"text-align: justify\">En este programa de investigaci\u00f3n nos dedicamos al estudio geneal\u00f3gico de los diferentes procesos de formaci\u00f3n cultural de las sociedades contempor\u00e1neas, con la intenci\u00f3n de formar diagn\u00f3sticos sobre la emergencia, la organizaci\u00f3n, activaci\u00f3n y funcionamiento de sus dispositivos de control pol\u00edtico. Para ello, la hip\u00f3tesis con la que hemos estado trabajado colectivamente, aunque s\u00f3lo sea como punto de partida, consiste en asumir que la principal caracter\u00edstica cultural de las sociedades contempor\u00e1neas, su marca inconfundible, consiste en estar inmersas \u2013casi inercialmente\u2013 en un movimiento cultural que parece estar orientado hacia la anulaci\u00f3n de la diversidad de los modos de vida o hacia su hundimiento en el m\u00e1s profundo <em>sinsentido<\/em>, y que es posible investigar los mecanismos culturales mediante los cuales se despliegan los efectos de poder de esta voluntad de anulaci\u00f3n y hundimiento, mediante el an\u00e1lisis de las relaciones de poder y del papel de la imagen y la imaginaci\u00f3n en la organizaci\u00f3n del poder medi\u00e1tico en las sociedades contempor\u00e1neas, es decir, en las sociedades de consumo, del espect\u00e1culo, del riesgo, de la complicidad totalitaria. El objetivo \u00faltimo de este programa de investigaci\u00f3n y de los distintos proyectos que comprende, es el reconocimiento de las condiciones de posibilidad para lograr oponer alg\u00fan tipo de resistencia o estrategia de liberaci\u00f3n pol\u00edtica de nuestra formaci\u00f3n cultural.<\/p>\n<p style=\"text-align: justify\"><strong>Investigadores Asociados:<\/strong><\/p>\n<ul>\n<li>Rafael \u00c1ngel G\u00f3mez Chore\u00f1o (desde 2006)<\/li>\n<li><span style=\"text-align: justify\">Osiris Sinuh\u00e9 Gonz\u00e1lez Romero (desde 2006)<\/span><\/li>\n<li><span style=\"text-align: justify\">Dulce Mar\u00eda Trejo Maldonado\u00a0(desde 2011)<\/span><\/li>\n<li><span style=\"text-align: justify\">Ana Luc\u00eda \u00c1lvarez Restrepo (desde 2014)<\/span><\/li>\n<li><span style=\"text-align: justify\">Jos\u00e9 Roberto Romero P\u00e9rez (desde 2014)<\/span><\/li>\n<li><span style=\"text-align: justify\">Nancy Vargas Mart\u00ednez (desde 2014)<\/span><\/li>\n<li><span style=\"text-align: justify\">Thal\u00eda Michelle Dom\u00ednguez Granillo (desde 2014)<\/span><\/li>\n<\/ul>\n<p style=\"text-align: justify\"><strong>Estudiantes Asociados:<\/strong><\/p>\n<p style=\"text-align: justify\"><strong>Proyectos de Investigaci\u00f3n:<\/strong><\/p>\n<ul>\n<li style=\"text-align: justify\">ETM007-PI01 (Investigaci\u00f3n Individual): \u00abEspejos, espejismos y especulaciones.\u00a0El papel del cine en la formaci\u00f3n cultural de las sociedades contempor\u00e1neas\u00bb (Rafael \u00c1ngel G\u00f3mez Chore\u00f1o)<\/li>\n<li>ETM007-PI02 (Investigaci\u00f3n Individual): \u00abEspect\u00e1culo y espejismos. Reflexiones filos\u00f3ficas en torno a las persistencias e impertinencias de la cultura barroca\u00bb\u00a0(Rafael \u00c1ngel G\u00f3mez Chore\u00f1o)<\/li>\n<li>ETM007-PI02\/PI01 (Investigaci\u00f3n Individual): \u00abPersistencias e impertinencias de la cultura barroca en M\u00e9xico\u00bb\u00a0(Rafael \u00c1ngel G\u00f3mez Chore\u00f1o)<\/li>\n<li>ETM007-PI03 (Investigaci\u00f3n Individual): \u00abLa ciudad del sinsentido\u00bb\u00a0(Rafael \u00c1ngel G\u00f3mez Chore\u00f1o)<\/li>\n<li>\n<div title=\"Page 2\">\n<p>ETM007-PC01 (Investigaci\u00f3n Colectiva): \u00abManifestaciones contraculturales del siglo XX\u00bb (Coordinador: Osiris Sinuh\u00e9 Gonz\u00e1lez Romero)<\/p>\n<\/div>\n<\/li>\n<li>ETM007-PC02 (Investigaci\u00f3n Colectiva):\u00a0\u00abLa cultura cinematogr\u00e1fica en M\u00e9xico\u00bb (Coordinador: Rafael \u00c1ngel G\u00f3mez Chore\u00f1o)<\/li>\n<li><span style=\"text-align: justify\">ETM007-PI04 (<\/span><span style=\"text-align: justify\">Investigaci\u00f3n Individual):\u00a0\u00abEl <\/span><em style=\"color: #000000;text-align: justify\">ethos cultural<\/em><span style=\"text-align: justify\"> a trav\u00e9s de la m\u00fasica\u00bb\u00a0(Jos\u00e9 Roberto Romero P\u00e9rez)<\/span><\/li>\n<li><span style=\"text-align: justify\">ETM007-PI05 (Investigaci\u00f3n Individual):\u00a0\u00abLa imagen publicitaria como fen\u00f3meno est\u00e9tico en las sociedades de consumo\u00bb\u00a0(Nancy Vargas Mart\u00ednez)<\/span><\/li>\n<li><span style=\"text-align: justify\">ETM007-PI06 (Investigaci\u00f3n Individual):\u00a0\u00abLa imagen pol\u00edtica como propaganda y caricatura pol\u00edtica\u00bb\u00a0(Thal\u00eda Michelle Dom\u00ednguez Granillo)<\/span><\/li>\n<li>ETM007-PI07 (Investigaci\u00f3n Individual):\u00a0\u00abEl impacto de la fotograf\u00eda en las sociedades contempor\u00e1neas\u00bb (Thal\u00eda Michelle Dom\u00ednguez Granillo)<\/li>\n<\/ul>\n","protected":false},"excerpt":{"rendered":"<p>En este programa de investigaci\u00f3n nos dedicamos al estudio geneal\u00f3gico de los diferentes procesos de formaci\u00f3n cultural de las sociedades contempor\u00e1neas, con la intenci\u00f3n de formar diagn\u00f3sticos sobre la emergencia, la organizaci\u00f3n, activaci\u00f3n y funcionamiento de sus dispositivos de control &hellip; <a href=\"https:\/\/estudiosgenealogicos.org\/choreno\/proyectos-de-investigacion\/formacion-cultural-de-las-sociedades-contemporaneas\/\">Sigue leyendo <span class=\"meta-nav\">&rarr;<\/span><\/a><\/p>\n","protected":false},"author":6,"featured_media":0,"parent":9,"menu_order":0,"comment_status":"open","ping_status":"open","template":"","meta":{"_bbp_topic_count":0,"_bbp_reply_count":0,"_bbp_total_topic_count":0,"_bbp_total_reply_count":0,"_bbp_voice_count":0,"_bbp_anonymous_reply_count":0,"_bbp_topic_count_hidden":0,"_bbp_reply_count_hidden":0,"_bbp_forum_subforum_count":0,"_crdt_document":"","footnotes":""},"class_list":["post-28","page","type-page","status-publish","hentry"],"jetpack_sharing_enabled":true,"_links":{"self":[{"href":"https:\/\/estudiosgenealogicos.org\/choreno\/wp-json\/wp\/v2\/pages\/28","targetHints":{"allow":["GET"]}}],"collection":[{"href":"https:\/\/estudiosgenealogicos.org\/choreno\/wp-json\/wp\/v2\/pages"}],"about":[{"href":"https:\/\/estudiosgenealogicos.org\/choreno\/wp-json\/wp\/v2\/types\/page"}],"author":[{"embeddable":true,"href":"https:\/\/estudiosgenealogicos.org\/choreno\/wp-json\/wp\/v2\/users\/6"}],"replies":[{"embeddable":true,"href":"https:\/\/estudiosgenealogicos.org\/choreno\/wp-json\/wp\/v2\/comments?post=28"}],"version-history":[{"count":13,"href":"https:\/\/estudiosgenealogicos.org\/choreno\/wp-json\/wp\/v2\/pages\/28\/revisions"}],"predecessor-version":[{"id":425,"href":"https:\/\/estudiosgenealogicos.org\/choreno\/wp-json\/wp\/v2\/pages\/28\/revisions\/425"}],"up":[{"embeddable":true,"href":"https:\/\/estudiosgenealogicos.org\/choreno\/wp-json\/wp\/v2\/pages\/9"}],"wp:attachment":[{"href":"https:\/\/estudiosgenealogicos.org\/choreno\/wp-json\/wp\/v2\/media?parent=28"}],"curies":[{"name":"wp","href":"https:\/\/api.w.org\/{rel}","templated":true}]}}