{"id":48,"date":"2012-12-01T09:57:52","date_gmt":"2012-12-01T09:57:52","guid":{"rendered":"http:\/\/estudiosgenealogicos.org\/choreno\/?page_id=48"},"modified":"2012-12-01T09:58:23","modified_gmt":"2012-12-01T09:58:23","slug":"48-2","status":"publish","type":"page","link":"https:\/\/estudiosgenealogicos.org\/choreno\/trayectoria-academica\/docencia\/48-2\/","title":{"rendered":"Cursos de Integraci\u00f3n y cultura universitaria"},"content":{"rendered":"<h4><strong>Religiosidad y espiritualidad en las sociedades contempor\u00e1neas<\/strong><\/h4>\n<h4>(10 Sesiones: 40 horas)<\/h4>\n<h4>Curso co-impartido con el Mtro. Jos\u00e9 Manuel Redondo Ornelas en la Facultad de Filosof\u00eda y Letras de la Universidad Nacional Aut\u00f3noma de M\u00e9xico, como parte de las actividades del Programa de Integraci\u00f3n y Cultura Universitaria de la Direcci\u00f3n General de Asuntos del Personal Acad\u00e9mico, que se llev\u00f3 a cabo del 27 de agosto al 7 de noviembre de 2011.<\/h4>\n","protected":false},"excerpt":{"rendered":"<p>Religiosidad y espiritualidad en las sociedades contempor\u00e1neas (10 Sesiones: 40 horas) Curso co-impartido con el Mtro. Jos\u00e9 Manuel Redondo Ornelas en la Facultad de Filosof\u00eda y Letras de la Universidad Nacional Aut\u00f3noma de M\u00e9xico, como parte de las actividades del &hellip; <a href=\"https:\/\/estudiosgenealogicos.org\/choreno\/trayectoria-academica\/docencia\/48-2\/\">Sigue leyendo <span class=\"meta-nav\">&rarr;<\/span><\/a><\/p>\n","protected":false},"author":6,"featured_media":0,"parent":40,"menu_order":0,"comment_status":"open","ping_status":"open","template":"","meta":{"_bbp_topic_count":0,"_bbp_reply_count":0,"_bbp_total_topic_count":0,"_bbp_total_reply_count":0,"_bbp_voice_count":0,"_bbp_anonymous_reply_count":0,"_bbp_topic_count_hidden":0,"_bbp_reply_count_hidden":0,"_bbp_forum_subforum_count":0,"_crdt_document":"","footnotes":""},"class_list":["post-48","page","type-page","status-publish","hentry"],"jetpack_sharing_enabled":true,"_links":{"self":[{"href":"https:\/\/estudiosgenealogicos.org\/choreno\/wp-json\/wp\/v2\/pages\/48","targetHints":{"allow":["GET"]}}],"collection":[{"href":"https:\/\/estudiosgenealogicos.org\/choreno\/wp-json\/wp\/v2\/pages"}],"about":[{"href":"https:\/\/estudiosgenealogicos.org\/choreno\/wp-json\/wp\/v2\/types\/page"}],"author":[{"embeddable":true,"href":"https:\/\/estudiosgenealogicos.org\/choreno\/wp-json\/wp\/v2\/users\/6"}],"replies":[{"embeddable":true,"href":"https:\/\/estudiosgenealogicos.org\/choreno\/wp-json\/wp\/v2\/comments?post=48"}],"version-history":[{"count":2,"href":"https:\/\/estudiosgenealogicos.org\/choreno\/wp-json\/wp\/v2\/pages\/48\/revisions"}],"predecessor-version":[{"id":50,"href":"https:\/\/estudiosgenealogicos.org\/choreno\/wp-json\/wp\/v2\/pages\/48\/revisions\/50"}],"up":[{"embeddable":true,"href":"https:\/\/estudiosgenealogicos.org\/choreno\/wp-json\/wp\/v2\/pages\/40"}],"wp:attachment":[{"href":"https:\/\/estudiosgenealogicos.org\/choreno\/wp-json\/wp\/v2\/media?parent=48"}],"curies":[{"name":"wp","href":"https:\/\/api.w.org\/{rel}","templated":true}]}}

Cursos de Integración y cultura universitaria

<h4><strong>Religiosidad y espiritualidad en las sociedades contemporáneas</strong></h4>
<h4>(10 Sesiones: 40 horas)</h4>
<h4>Curso co-impartido con el Mtro. José Manuel Redondo Ornelas en la Facultad de Filosofía y Letras de la Universidad Nacional Autónoma de México, como parte de las actividades del Programa de Integración y Cultura Universitaria de la Dirección General de Asuntos del Personal Académico, que se llevó a cabo del 27 de agosto al 7 de noviembre de 2011.</h4>

<p>Religiosidad y espiritualidad en las sociedades contemporáneas (10 Sesiones: 40 horas) Curso co-impartido con el Mtro. José Manuel Redondo Ornelas en la Facultad de Filosofía y Letras de la Universidad Nacional Autónoma de México, como parte de las actividades del &hellip; <a href="https://estudiosgenealogicos.org/choreno/trayectoria-academica/docencia/48-2/">Sigue leyendo <span class="meta-nav">&rarr;</span></a></p>
