{"id":56,"date":"2012-12-01T10:02:05","date_gmt":"2012-12-01T10:02:05","guid":{"rendered":"http:\/\/estudiosgenealogicos.org\/choreno\/?page_id=56"},"modified":"2012-12-01T10:02:05","modified_gmt":"2012-12-01T10:02:05","slug":"cursos-intersemestrales","status":"publish","type":"page","link":"https:\/\/estudiosgenealogicos.org\/choreno\/trayectoria-academica\/docencia\/cursos-intersemestrales\/","title":{"rendered":"Cursos Intersemestrales"},"content":{"rendered":"<h4><strong>Desiertos imaginarios y la ciudad del sinsentido\u00a0<\/strong>(1\u00a0sesi\u00f3n:\u00a02 horas)<\/h4>\n<h4>Curso impartido en la Universidad Aut\u00f3noma de la Ciudad de M\u00e9xico, Plantel \u201cSan Lorenzo Tezonco\u201d, como Sesi\u00f3n V del Curso Intersemestral\u00a0<strong>\u201cContramiradas:\u00a0<em>Arte, Est\u00e9tica y Pol\u00edtica<\/em>\u00a0<\/strong><strong>(perspectivas problem\u00e1ticas en torno a la producci\u00f3n y recepci\u00f3n de eso que suele llamarse \u201carte\u201d)<\/strong><strong>\u201d<\/strong>,<strong>\u00a0<\/strong>coordinado por Bily L\u00f3pez Gonz\u00e1lez a trav\u00e9s de la Academia de Expresi\u00f3n Oral y Escrita del Colegio de Humanidades y Ciencias Sociales, del 27 de agosto al 7 de septiembre de 2007.<\/h4>\n<p>&nbsp;<\/p>\n<h4><strong>La violencia de la literatura<\/strong>\u00a0(2 sesiones: 4 horas)<\/h4>\n<h4>Curso impartido en la Universidad Aut\u00f3noma de la Ciudad de M\u00e9xico, Plantel \u201cSan Lorenzo Tezonco\u201d, como M\u00f3dulo II del Curso Intersemestral\u00a0<strong>\u201cLiteratura y violencia. Un an\u00e1lisis de la violencia generada y ejecutada en y por la literatura\u201d<\/strong>,<strong>\u00a0<\/strong>coordinado por Bily L\u00f3pez Gonz\u00e1lez a trav\u00e9s de la Academia de Expresi\u00f3n Oral y Escrita del Colegio de Humanidades y Ciencias Sociales, del 26 de febrero al 16 de marzo de 2007.<\/h4>\n<p>&nbsp;<\/p>\n","protected":false},"excerpt":{"rendered":"<p>Desiertos imaginarios y la ciudad del sinsentido\u00a0(1\u00a0sesi\u00f3n:\u00a02 horas) Curso impartido en la Universidad Aut\u00f3noma de la Ciudad de M\u00e9xico, Plantel \u201cSan Lorenzo Tezonco\u201d, como Sesi\u00f3n V del Curso Intersemestral\u00a0\u201cContramiradas:\u00a0Arte, Est\u00e9tica y Pol\u00edtica\u00a0(perspectivas problem\u00e1ticas en torno a la producci\u00f3n y recepci\u00f3n &hellip; <a href=\"https:\/\/estudiosgenealogicos.org\/choreno\/trayectoria-academica\/docencia\/cursos-intersemestrales\/\">Sigue leyendo <span class=\"meta-nav\">&rarr;<\/span><\/a><\/p>\n","protected":false},"author":6,"featured_media":0,"parent":40,"menu_order":0,"comment_status":"open","ping_status":"open","template":"","meta":{"_bbp_topic_count":0,"_bbp_reply_count":0,"_bbp_total_topic_count":0,"_bbp_total_reply_count":0,"_bbp_voice_count":0,"_bbp_anonymous_reply_count":0,"_bbp_topic_count_hidden":0,"_bbp_reply_count_hidden":0,"_bbp_forum_subforum_count":0,"_crdt_document":"","footnotes":""},"class_list":["post-56","page","type-page","status-publish","hentry"],"jetpack_sharing_enabled":true,"_links":{"self":[{"href":"https:\/\/estudiosgenealogicos.org\/choreno\/wp-json\/wp\/v2\/pages\/56","targetHints":{"allow":["GET"]}}],"collection":[{"href":"https:\/\/estudiosgenealogicos.org\/choreno\/wp-json\/wp\/v2\/pages"}],"about":[{"href":"https:\/\/estudiosgenealogicos.org\/choreno\/wp-json\/wp\/v2\/types\/page"}],"author":[{"embeddable":true,"href":"https:\/\/estudiosgenealogicos.org\/choreno\/wp-json\/wp\/v2\/users\/6"}],"replies":[{"embeddable":true,"href":"https:\/\/estudiosgenealogicos.org\/choreno\/wp-json\/wp\/v2\/comments?post=56"}],"version-history":[{"count":1,"href":"https:\/\/estudiosgenealogicos.org\/choreno\/wp-json\/wp\/v2\/pages\/56\/revisions"}],"predecessor-version":[{"id":57,"href":"https:\/\/estudiosgenealogicos.org\/choreno\/wp-json\/wp\/v2\/pages\/56\/revisions\/57"}],"up":[{"embeddable":true,"href":"https:\/\/estudiosgenealogicos.org\/choreno\/wp-json\/wp\/v2\/pages\/40"}],"wp:attachment":[{"href":"https:\/\/estudiosgenealogicos.org\/choreno\/wp-json\/wp\/v2\/media?parent=56"}],"curies":[{"name":"wp","href":"https:\/\/api.w.org\/{rel}","templated":true}]}}

<h4><strong>Desiertos imaginarios y la ciudad del sinsentido </strong>(1 sesión: 2 horas)</h4>
<h4>Curso impartido en la Universidad Autónoma de la Ciudad de México, Plantel “San Lorenzo Tezonco”, como Sesión V del Curso Intersemestral <strong>“Contramiradas: <em>Arte, Estética y Política</em> </strong><strong>(perspectivas problemáticas en torno a la producción y recepción de eso que suele llamarse “arte”)</strong><strong>”</strong>,<strong> </strong>coordinado por Bily López González a través de la Academia de Expresión Oral y Escrita del Colegio de Humanidades y Ciencias Sociales, del 27 de agosto al 7 de septiembre de 2007.</h4>
<p>&nbsp;</p>
<h4><strong>La violencia de la literatura</strong> (2 sesiones: 4 horas)</h4>
<h4>Curso impartido en la Universidad Autónoma de la Ciudad de México, Plantel “San Lorenzo Tezonco”, como Módulo II del Curso Intersemestral <strong>“Literatura y violencia. Un análisis de la violencia generada y ejecutada en y por la literatura”</strong>,<strong> </strong>coordinado por Bily López González a través de la Academia de Expresión Oral y Escrita del Colegio de Humanidades y Ciencias Sociales, del 26 de febrero al 16 de marzo de 2007.</h4>
<p>&nbsp;</p>

<p>Desiertos imaginarios y la ciudad del sinsentido (1 sesión: 2 horas) Curso impartido en la Universidad Autónoma de la Ciudad de México, Plantel “San Lorenzo Tezonco”, como Sesión V del Curso Intersemestral “Contramiradas: Arte, Estética y Política (perspectivas problemáticas en torno a la producción y recepción &hellip; <a href="https://estudiosgenealogicos.org/choreno/trayectoria-academica/docencia/cursos-intersemestrales/">Sigue leyendo <span class="meta-nav">&rarr;</span></a></p>
