{"id":59,"date":"2012-12-01T10:03:01","date_gmt":"2012-12-01T10:03:01","guid":{"rendered":"http:\/\/estudiosgenealogicos.org\/choreno\/?page_id=59"},"modified":"2012-12-01T10:03:01","modified_gmt":"2012-12-01T10:03:01","slug":"diplomados","status":"publish","type":"page","link":"https:\/\/estudiosgenealogicos.org\/choreno\/trayectoria-academica\/docencia\/diplomados\/","title":{"rendered":"Diplomados"},"content":{"rendered":"<h4><strong>Contracultura y montajes alternos<\/strong><\/h4>\n<h4><strong><\/strong>Diplomado coordinado junto con el Lic. Osiris Sinuh\u00e9 Gonz\u00e1lez Romero, como parte del Programa de Actividades de la Divisi\u00f3n de Educaci\u00f3n Continua (Oto\u00f1o 2009) de la Facultad de Filosof\u00eda y Letras de la Universidad Nacional Aut\u00f3noma de M\u00e9xico, del 21 de octubre de 2009 al 14 de mayo de 2010, con una duraci\u00f3n de 153 horas.<\/h4>\n<p>&nbsp;<\/p>\n<h4><strong>Filosof\u00eda pol\u00edtica<\/strong><\/h4>\n<h4><strong><\/strong>Diplomado coordinado junto con el Mtro. Bily L\u00f3pez Gonz\u00e1lez, como parte del Programa General de Actividades Acad\u00e9micas del Centro de Estudios Geneal\u00f3gicos para la Investigaci\u00f3n de la Cultura en M\u00e9xico y Am\u00e9rica Latina y la Secretar\u00eda de Gobierno del Distrito Federal, del 15 de agosto de 2009 al 6 de febrero de 2010.<\/h4>\n<p>&nbsp;<\/p>\n<h4><strong>Una mirada filos\u00f3fica al discurso literario<\/strong><\/h4>\n<h4><strong><\/strong>Diplomado coordinado junto con la Dra. Yolanda Angulo Parra, del Diplomado, como parte del Programa de Actividades de la Divisi\u00f3n de Educaci\u00f3n Continua (Oto\u00f1o 2008) de la Facultad de Filosof\u00eda y Letras de la Universidad Nacional Aut\u00f3noma de M\u00e9xico, del 22 de octubre de 2008 al 17 de abril de 2009.<\/h4>\n<p>&nbsp;<\/p>\n","protected":false},"excerpt":{"rendered":"<p>Contracultura y montajes alternos Diplomado coordinado junto con el Lic. Osiris Sinuh\u00e9 Gonz\u00e1lez Romero, como parte del Programa de Actividades de la Divisi\u00f3n de Educaci\u00f3n Continua (Oto\u00f1o 2009) de la Facultad de Filosof\u00eda y Letras de la Universidad Nacional Aut\u00f3noma &hellip; <a href=\"https:\/\/estudiosgenealogicos.org\/choreno\/trayectoria-academica\/docencia\/diplomados\/\">Sigue leyendo <span class=\"meta-nav\">&rarr;<\/span><\/a><\/p>\n","protected":false},"author":6,"featured_media":0,"parent":40,"menu_order":0,"comment_status":"open","ping_status":"open","template":"","meta":{"_bbp_topic_count":0,"_bbp_reply_count":0,"_bbp_total_topic_count":0,"_bbp_total_reply_count":0,"_bbp_voice_count":0,"_bbp_anonymous_reply_count":0,"_bbp_topic_count_hidden":0,"_bbp_reply_count_hidden":0,"_bbp_forum_subforum_count":0,"_crdt_document":"","footnotes":""},"class_list":["post-59","page","type-page","status-publish","hentry"],"jetpack_sharing_enabled":true,"_links":{"self":[{"href":"https:\/\/estudiosgenealogicos.org\/choreno\/wp-json\/wp\/v2\/pages\/59","targetHints":{"allow":["GET"]}}],"collection":[{"href":"https:\/\/estudiosgenealogicos.org\/choreno\/wp-json\/wp\/v2\/pages"}],"about":[{"href":"https:\/\/estudiosgenealogicos.org\/choreno\/wp-json\/wp\/v2\/types\/page"}],"author":[{"embeddable":true,"href":"https:\/\/estudiosgenealogicos.org\/choreno\/wp-json\/wp\/v2\/users\/6"}],"replies":[{"embeddable":true,"href":"https:\/\/estudiosgenealogicos.org\/choreno\/wp-json\/wp\/v2\/comments?post=59"}],"version-history":[{"count":1,"href":"https:\/\/estudiosgenealogicos.org\/choreno\/wp-json\/wp\/v2\/pages\/59\/revisions"}],"predecessor-version":[{"id":60,"href":"https:\/\/estudiosgenealogicos.org\/choreno\/wp-json\/wp\/v2\/pages\/59\/revisions\/60"}],"up":[{"embeddable":true,"href":"https:\/\/estudiosgenealogicos.org\/choreno\/wp-json\/wp\/v2\/pages\/40"}],"wp:attachment":[{"href":"https:\/\/estudiosgenealogicos.org\/choreno\/wp-json\/wp\/v2\/media?parent=59"}],"curies":[{"name":"wp","href":"https:\/\/api.w.org\/{rel}","templated":true}]}}

<h4><strong>Contracultura y montajes alternos</strong></h4>
<h4><strong></strong>Diplomado coordinado junto con el Lic. Osiris Sinuhé González Romero, como parte del Programa de Actividades de la División de Educación Continua (Otoño 2009) de la Facultad de Filosofía y Letras de la Universidad Nacional Autónoma de México, del 21 de octubre de 2009 al 14 de mayo de 2010, con una duración de 153 horas.</h4>
<p>&nbsp;</p>
<h4><strong>Filosofía política</strong></h4>
<h4><strong></strong>Diplomado coordinado junto con el Mtro. Bily López González, como parte del Programa General de Actividades Académicas del Centro de Estudios Genealógicos para la Investigación de la Cultura en México y América Latina y la Secretaría de Gobierno del Distrito Federal, del 15 de agosto de 2009 al 6 de febrero de 2010.</h4>
<p>&nbsp;</p>
<h4><strong>Una mirada filosófica al discurso literario</strong></h4>
<h4><strong></strong>Diplomado coordinado junto con la Dra. Yolanda Angulo Parra, del Diplomado, como parte del Programa de Actividades de la División de Educación Continua (Otoño 2008) de la Facultad de Filosofía y Letras de la Universidad Nacional Autónoma de México, del 22 de octubre de 2008 al 17 de abril de 2009.</h4>
<p>&nbsp;</p>

<p>Contracultura y montajes alternos Diplomado coordinado junto con el Lic. Osiris Sinuhé González Romero, como parte del Programa de Actividades de la División de Educación Continua (Otoño 2009) de la Facultad de Filosofía y Letras de la Universidad Nacional Autónoma &hellip; <a href="https://estudiosgenealogicos.org/choreno/trayectoria-academica/docencia/diplomados/">Sigue leyendo <span class="meta-nav">&rarr;</span></a></p>
