{"id":61,"date":"2012-12-01T10:03:58","date_gmt":"2012-12-01T10:03:58","guid":{"rendered":"http:\/\/estudiosgenealogicos.org\/choreno\/?page_id=61"},"modified":"2012-12-01T10:03:58","modified_gmt":"2012-12-01T10:03:58","slug":"otros-cursos","status":"publish","type":"page","link":"https:\/\/estudiosgenealogicos.org\/choreno\/trayectoria-academica\/docencia\/otros-cursos\/","title":{"rendered":"Otros cursos"},"content":{"rendered":"<h4><strong>Fundamentos de la cultura mexicana. Reflexiones filos\u00f3ficas sobre la formaci\u00f3n de subjetividades en la Conquista y la Colonia\u00a0<\/strong>(15 horas)<\/h4>\n<h4>Curso breve impartido en el Instituto Salesiano de Estudios Superiores, del 14 al 17 de enero de 2008, bajo la coordinaci\u00f3n acad\u00e9mica del Departamento de Desarrollo Acad\u00e9mico.<\/h4>\n<p>&nbsp;<\/p>\n<h4><strong>An\u00e1lisis literario: Poes\u00eda latinoamericana<\/strong>\u00a0(32 horas)<\/h4>\n<h4>Curso impartido en la Facultad de Contadur\u00eda y Administraci\u00f3n de la Universidad Nacional Aut\u00f3noma de M\u00e9xico, bajo la coordinaci\u00f3n acad\u00e9mica de la Secretar\u00eda de Relaciones y Extensi\u00f3n Universitaria y el Departamento de Difusi\u00f3n Cultural, del 10 de julio al 17 de noviembre del 2000.<\/h4>\n<p>&nbsp;<\/p>\n<h4><strong>Cine: las reacciones de la mente en situaciones extremas\u00a0<\/strong>(32 horas)<\/h4>\n<h4>Curso impartido en la Facultad de Contadur\u00eda y Administraci\u00f3n de la Universidad Nacional Aut\u00f3noma de M\u00e9xico, bajo la coordinaci\u00f3n acad\u00e9mica de la Secretar\u00eda de Relaciones y Extensi\u00f3n Universitaria y el Departamento de Difusi\u00f3n Cultural, del 10 de julio al 17 de noviembre del 2000.<\/h4>\n<p>&nbsp;<\/p>\n<h4><strong>An\u00e1lisis literario: El mito de la soledad\u00a0<\/strong>(32 horas)<\/h4>\n<h4>Curso impartido en la Facultad de Contadur\u00eda y Administraci\u00f3n de la Universidad Nacional Aut\u00f3noma de M\u00e9xico, bajo la coordinaci\u00f3n acad\u00e9mica de la Secretar\u00eda de Relaciones y Extensi\u00f3n Universitaria y el Departamento de Difusi\u00f3n Cultural, del 16 de marzo al 8 de junio del 2000.<\/h4>\n<p>&nbsp;<\/p>\n<h4><strong>Cine: las reacciones de la mente en situaciones extremas\u00a0<\/strong>(32 horas)<\/h4>\n<h4>Curso impartido en la Facultad de Contadur\u00eda y Administraci\u00f3n de la Universidad Nacional Aut\u00f3noma de M\u00e9xico, bajo la coordinaci\u00f3n acad\u00e9mica de la Secretar\u00eda de Relaciones y Extensi\u00f3n Universitaria y el Departamento de Difusi\u00f3n Cultural, del 17 de marzo al 16 de junio del 2000.<\/h4>\n<p>&nbsp;<\/p>\n<h4><strong>Dise\u00f1o del perfil curricular\u00a0<\/strong>(24 horas)<\/h4>\n<h4>Curso impartido en la Facultad de Contadur\u00eda y Administraci\u00f3n de la Universidad Nacional Aut\u00f3noma de M\u00e9xico, bajo la coordinaci\u00f3n acad\u00e9mica de la Secretar\u00eda de Relaciones y Extensi\u00f3n Universitaria y el Departamento de Difusi\u00f3n Cultural, del 5 de marzo a 28 de mayo de 1999.<\/h4>\n<p>&nbsp;<\/p>\n<h4><strong>Aportaciones de la Teor\u00eda de Sistemas para la administraci\u00f3n: Estrategias del administrador\u00a0<\/strong>(24 horas)<\/h4>\n<h4>Curso impartido en la Facultad de Contadur\u00eda y Administraci\u00f3n de la Universidad Nacional Aut\u00f3noma de M\u00e9xico, bajo la coordinaci\u00f3n acad\u00e9mica de la Secretar\u00eda de Relaciones y Extensi\u00f3n Universitaria y el Departamento de Difusi\u00f3n Cultural, del 4 de marzo al 27 de mayo de 1999.<\/h4>\n<p>&nbsp;<\/p>\n<h4><strong>Pragmatismo: Reflexiones sobre la visi\u00f3n de empresa\u00a0<\/strong>(16 horas)<\/h4>\n<h4>Curso impartido en la Facultad de Contadur\u00eda y Administraci\u00f3n de la Universidad Nacional Aut\u00f3noma de M\u00e9xico, bajo la coordinaci\u00f3n acad\u00e9mica de la Secretar\u00eda de Relaciones y Extensi\u00f3n Universitaria y el Departamento de Difusi\u00f3n Cultural, del 23 de octubre al 27 de noviembre de 1998.<\/h4>\n<p>&nbsp;<\/p>\n<h4><strong>An\u00e1lisis y creaci\u00f3n po\u00e9tica<\/strong><\/h4>\n<h4><strong><\/strong>Curso impartido en la Casa de Cultura \u201cGuadalupe Insurgentes\u201d, de octubre a diciembre de 1999.<\/h4>\n<p>&nbsp;<\/p>\n<h4><strong>An\u00e1lisis y creaci\u00f3n po\u00e9tica<\/strong><\/h4>\n<h4><strong><\/strong>Curso impartido en el Instituto Mexicano de la Juventud, como parte de sus Talleres Juveniles, del 2 al 30 de julio de 1999.<\/h4>\n<p>&nbsp;<\/p>\n","protected":false},"excerpt":{"rendered":"<p>Fundamentos de la cultura mexicana. Reflexiones filos\u00f3ficas sobre la formaci\u00f3n de subjetividades en la Conquista y la Colonia\u00a0(15 horas) Curso breve impartido en el Instituto Salesiano de Estudios Superiores, del 14 al 17 de enero de 2008, bajo la coordinaci\u00f3n &hellip; <a href=\"https:\/\/estudiosgenealogicos.org\/choreno\/trayectoria-academica\/docencia\/otros-cursos\/\">Sigue leyendo <span class=\"meta-nav\">&rarr;<\/span><\/a><\/p>\n","protected":false},"author":6,"featured_media":0,"parent":40,"menu_order":0,"comment_status":"open","ping_status":"open","template":"","meta":{"_bbp_topic_count":0,"_bbp_reply_count":0,"_bbp_total_topic_count":0,"_bbp_total_reply_count":0,"_bbp_voice_count":0,"_bbp_anonymous_reply_count":0,"_bbp_topic_count_hidden":0,"_bbp_reply_count_hidden":0,"_bbp_forum_subforum_count":0,"_crdt_document":"","footnotes":""},"class_list":["post-61","page","type-page","status-publish","hentry"],"jetpack_sharing_enabled":true,"_links":{"self":[{"href":"https:\/\/estudiosgenealogicos.org\/choreno\/wp-json\/wp\/v2\/pages\/61","targetHints":{"allow":["GET"]}}],"collection":[{"href":"https:\/\/estudiosgenealogicos.org\/choreno\/wp-json\/wp\/v2\/pages"}],"about":[{"href":"https:\/\/estudiosgenealogicos.org\/choreno\/wp-json\/wp\/v2\/types\/page"}],"author":[{"embeddable":true,"href":"https:\/\/estudiosgenealogicos.org\/choreno\/wp-json\/wp\/v2\/users\/6"}],"replies":[{"embeddable":true,"href":"https:\/\/estudiosgenealogicos.org\/choreno\/wp-json\/wp\/v2\/comments?post=61"}],"version-history":[{"count":1,"href":"https:\/\/estudiosgenealogicos.org\/choreno\/wp-json\/wp\/v2\/pages\/61\/revisions"}],"predecessor-version":[{"id":62,"href":"https:\/\/estudiosgenealogicos.org\/choreno\/wp-json\/wp\/v2\/pages\/61\/revisions\/62"}],"up":[{"embeddable":true,"href":"https:\/\/estudiosgenealogicos.org\/choreno\/wp-json\/wp\/v2\/pages\/40"}],"wp:attachment":[{"href":"https:\/\/estudiosgenealogicos.org\/choreno\/wp-json\/wp\/v2\/media?parent=61"}],"curies":[{"name":"wp","href":"https:\/\/api.w.org\/{rel}","templated":true}]}}

<h4><strong>Fundamentos de la cultura mexicana. Reflexiones filosóficas sobre la formación de subjetividades en la Conquista y la Colonia </strong>(15 horas)</h4>
<h4>Curso breve impartido en el Instituto Salesiano de Estudios Superiores, del 14 al 17 de enero de 2008, bajo la coordinación académica del Departamento de Desarrollo Académico.</h4>
<p>&nbsp;</p>
<h4><strong>Análisis literario: Poesía latinoamericana</strong> (32 horas)</h4>
<h4>Curso impartido en la Facultad de Contaduría y Administración de la Universidad Nacional Autónoma de México, bajo la coordinación académica de la Secretaría de Relaciones y Extensión Universitaria y el Departamento de Difusión Cultural, del 10 de julio al 17 de noviembre del 2000.</h4>
<p>&nbsp;</p>
<h4><strong>Cine: las reacciones de la mente en situaciones extremas </strong>(32 horas)</h4>
<h4>Curso impartido en la Facultad de Contaduría y Administración de la Universidad Nacional Autónoma de México, bajo la coordinación académica de la Secretaría de Relaciones y Extensión Universitaria y el Departamento de Difusión Cultural, del 10 de julio al 17 de noviembre del 2000.</h4>
<p>&nbsp;</p>
<h4><strong>Análisis literario: El mito de la soledad </strong>(32 horas)</h4>
<h4>Curso impartido en la Facultad de Contaduría y Administración de la Universidad Nacional Autónoma de México, bajo la coordinación académica de la Secretaría de Relaciones y Extensión Universitaria y el Departamento de Difusión Cultural, del 16 de marzo al 8 de junio del 2000.</h4>
<p>&nbsp;</p>
<h4><strong>Cine: las reacciones de la mente en situaciones extremas </strong>(32 horas)</h4>
<h4>Curso impartido en la Facultad de Contaduría y Administración de la Universidad Nacional Autónoma de México, bajo la coordinación académica de la Secretaría de Relaciones y Extensión Universitaria y el Departamento de Difusión Cultural, del 17 de marzo al 16 de junio del 2000.</h4>
<p>&nbsp;</p>
<h4><strong>Diseño del perfil curricular </strong>(24 horas)</h4>
<h4>Curso impartido en la Facultad de Contaduría y Administración de la Universidad Nacional Autónoma de México, bajo la coordinación académica de la Secretaría de Relaciones y Extensión Universitaria y el Departamento de Difusión Cultural, del 5 de marzo a 28 de mayo de 1999.</h4>
<p>&nbsp;</p>
<h4><strong>Aportaciones de la Teoría de Sistemas para la administración: Estrategias del administrador </strong>(24 horas)</h4>
<h4>Curso impartido en la Facultad de Contaduría y Administración de la Universidad Nacional Autónoma de México, bajo la coordinación académica de la Secretaría de Relaciones y Extensión Universitaria y el Departamento de Difusión Cultural, del 4 de marzo al 27 de mayo de 1999.</h4>
<p>&nbsp;</p>
<h4><strong>Pragmatismo: Reflexiones sobre la visión de empresa </strong>(16 horas)</h4>
<h4>Curso impartido en la Facultad de Contaduría y Administración de la Universidad Nacional Autónoma de México, bajo la coordinación académica de la Secretaría de Relaciones y Extensión Universitaria y el Departamento de Difusión Cultural, del 23 de octubre al 27 de noviembre de 1998.</h4>
<p>&nbsp;</p>
<h4><strong>Análisis y creación poética</strong></h4>
<h4><strong></strong>Curso impartido en la Casa de Cultura “Guadalupe Insurgentes”, de octubre a diciembre de 1999.</h4>
<p>&nbsp;</p>
<h4><strong>Análisis y creación poética</strong></h4>
<h4><strong></strong>Curso impartido en el Instituto Mexicano de la Juventud, como parte de sus Talleres Juveniles, del 2 al 30 de julio de 1999.</h4>
<p>&nbsp;</p>

<p>Fundamentos de la cultura mexicana. Reflexiones filosóficas sobre la formación de subjetividades en la Conquista y la Colonia (15 horas) Curso breve impartido en el Instituto Salesiano de Estudios Superiores, del 14 al 17 de enero de 2008, bajo la coordinación &hellip; <a href="https://estudiosgenealogicos.org/choreno/trayectoria-academica/docencia/otros-cursos/">Sigue leyendo <span class="meta-nav">&rarr;</span></a></p>
