{"id":9,"date":"2012-12-01T09:27:26","date_gmt":"2012-12-01T09:27:26","guid":{"rendered":"http:\/\/estudiosgenealogicos.org\/choreno\/?page_id=9"},"modified":"2012-12-01T09:27:26","modified_gmt":"2012-12-01T09:27:26","slug":"proyectos-de-investigacion","status":"publish","type":"page","link":"https:\/\/estudiosgenealogicos.org\/choreno\/proyectos-de-investigacion\/","title":{"rendered":"Proyectos de Investigaci\u00f3n"},"content":{"rendered":"<p><strong>Genealog\u00eda de la violencia<\/strong><\/p>\n<p>Este programa de investigaci\u00f3n es un proyecto colectivo vigente<\/p>\n<p><strong>Metodolog\u00eda de la investigaci\u00f3n<\/strong><\/p>\n<p>Este programa de investigaci\u00f3n es un proyecto colectivo vigente<\/p>\n<p><strong>Estudios sobre la formaci\u00f3n cultural de las sociedades contempor\u00e1neas\u00a0<\/strong><\/p>\n<p>Este programa de investigaci\u00f3n es un proyecto colectivo vigente<\/p>\n","protected":false},"excerpt":{"rendered":"<p>Genealog\u00eda de la violencia Este programa de investigaci\u00f3n es un proyecto colectivo vigente Metodolog\u00eda de la investigaci\u00f3n Este programa de investigaci\u00f3n es un proyecto colectivo vigente Estudios sobre la formaci\u00f3n cultural de las sociedades contempor\u00e1neas\u00a0 Este programa de investigaci\u00f3n es &hellip; <a href=\"https:\/\/estudiosgenealogicos.org\/choreno\/proyectos-de-investigacion\/\">Sigue leyendo <span class=\"meta-nav\">&rarr;<\/span><\/a><\/p>\n","protected":false},"author":6,"featured_media":0,"parent":0,"menu_order":0,"comment_status":"open","ping_status":"open","template":"","meta":{"_bbp_topic_count":0,"_bbp_reply_count":0,"_bbp_total_topic_count":0,"_bbp_total_reply_count":0,"_bbp_voice_count":0,"_bbp_anonymous_reply_count":0,"_bbp_topic_count_hidden":0,"_bbp_reply_count_hidden":0,"_bbp_forum_subforum_count":0,"_crdt_document":"","footnotes":""},"class_list":["post-9","page","type-page","status-publish","hentry"],"jetpack_sharing_enabled":true,"_links":{"self":[{"href":"https:\/\/estudiosgenealogicos.org\/choreno\/wp-json\/wp\/v2\/pages\/9","targetHints":{"allow":["GET"]}}],"collection":[{"href":"https:\/\/estudiosgenealogicos.org\/choreno\/wp-json\/wp\/v2\/pages"}],"about":[{"href":"https:\/\/estudiosgenealogicos.org\/choreno\/wp-json\/wp\/v2\/types\/page"}],"author":[{"embeddable":true,"href":"https:\/\/estudiosgenealogicos.org\/choreno\/wp-json\/wp\/v2\/users\/6"}],"replies":[{"embeddable":true,"href":"https:\/\/estudiosgenealogicos.org\/choreno\/wp-json\/wp\/v2\/comments?post=9"}],"version-history":[{"count":1,"href":"https:\/\/estudiosgenealogicos.org\/choreno\/wp-json\/wp\/v2\/pages\/9\/revisions"}],"predecessor-version":[{"id":10,"href":"https:\/\/estudiosgenealogicos.org\/choreno\/wp-json\/wp\/v2\/pages\/9\/revisions\/10"}],"wp:attachment":[{"href":"https:\/\/estudiosgenealogicos.org\/choreno\/wp-json\/wp\/v2\/media?parent=9"}],"curies":[{"name":"wp","href":"https:\/\/api.w.org\/{rel}","templated":true}]}}