{"id":18,"date":"2018-10-02T09:24:41","date_gmt":"2018-10-02T09:24:41","guid":{"rendered":"http:\/\/estudiosgenealogicos.org\/ciudad\/?page_id=18"},"modified":"2021-10-19T05:21:12","modified_gmt":"2021-10-19T05:21:12","slug":"presentacion","status":"publish","type":"page","link":"https:\/\/estudiosgenealogicos.org\/ciudad\/presentacion\/","title":{"rendered":"Presentaci\u00f3n"},"content":{"rendered":"\n<p>La construcci\u00f3n de la ciudad es un acto creador, es decir, po\u00e9tico, del que usualmente no somos conscientes debido a que las preocupaciones cotidianas, el tiempo que pasa velozmente ante nuestros ojos, los condicionamientos econ\u00f3mico pol\u00edticos o simplemente la rigidez de la rutina y la costumbre nos impiden tomar una consciencia plena de nuestras posibilidades creativas. Infestados de discursos demag\u00f3gicos y ardides publicitarios, los ciudadanos muchas veces caminamos por las calles, como si estas fueran un escenario petrificado o construido de una vez y para siempre. Sumergidos en el automatismo y obnubilados por la enajenaci\u00f3n, raras veces nos percatamos de la fragilidad de nuestros ensue\u00f1os de asfalto.<\/p>\n\n\n\n<p>La ciudad no se compone \u00fanicamente de sus edificios ni de sus espacios p\u00fablicos, sino de la interacci\u00f3n permanente entre seres humanos; la ciudad no s\u00f3lo es el escenario de una serie de representaciones, sino el conjunto de relaciones humanas que le otorgan sentido a un modo de ser espec\u00edfico. La ciudad se nos aparece entonces como si fuera un oc\u00e9ano de historias que se entrecruzan, como un no-lugar en donde cada ma\u00f1ana se abre un n\u00famero infinito de posibilidades, que la realidad se encarga de cerrar afanosamente con el transcurso de la jornada.<\/p>\n\n\n\n<p>Es evidente que los seres humanos vivimos en sociedad para satisfacer las necesidades que hacen posible la reproducci\u00f3n de la vida, sin embargo, la historia nos ha ense\u00f1ado que la vida humana no se limita a cubrir esas necesidades primarias, sino que el trabajo adquiere su pleno sentido vital cuando contribuye verdaderamente al desarrollo y fortalecimiento de diversas facultades humanas como la sensibilidad, la imaginaci\u00f3n, la fantas\u00eda y el razonamiento, pero sobre todo cuando se orienta a la soluci\u00f3n de problem\u00e1ticas comunes<\/p>\n\n\n\n<p>\u00c9ste es un programa de investigaci\u00f3n coordinado por Osiris Sinuh\u00e9 Gonz\u00e1lez Romero, el cual est\u00e1 adscrito al \u00e1rea de Estudios Te\u00f3ricos y Metodol\u00f3gicos del Centro de Estudios Geneal\u00f3gicos para la Investigaci\u00f3n de la Cultura en M\u00e9xico y Am\u00e9rica Latina, A. C., con n\u00famero de registro ETM008, el cual cobr\u00f3 forma institucional a partir de agosto de 2013, para organizar un conjunto de proyectos individuales y colectivos que confluyen en una misma intenci\u00f3n: pensar la ciudad como \u00abespacio po\u00e9tico\u00bb. <\/p>\n","protected":false},"excerpt":{"rendered":"<p>La construcci\u00f3n de la ciudad es un acto creador, es decir, po\u00e9tico, del que usualmente no somos conscientes debido a que las preocupaciones cotidianas, el tiempo que pasa velozmente ante nuestros ojos, los condicionamientos econ\u00f3mico pol\u00edticos o simplemente la rigidez de la rutina y la costumbre nos impiden tomar una consciencia plena de nuestras posibilidades &hellip; <\/p>\n<p class=\"link-more\"><a href=\"https:\/\/estudiosgenealogicos.org\/ciudad\/presentacion\/\" class=\"more-link\">Continuar leyendo<span class=\"screen-reader-text\"> \u00abPresentaci\u00f3n\u00bb<\/span><\/a><\/p>\n","protected":false},"author":20,"featured_media":0,"parent":0,"menu_order":0,"comment_status":"closed","ping_status":"closed","template":"","meta":{"_bbp_topic_count":0,"_bbp_reply_count":0,"_bbp_total_topic_count":0,"_bbp_total_reply_count":0,"_bbp_voice_count":0,"_bbp_anonymous_reply_count":0,"_bbp_topic_count_hidden":0,"_bbp_reply_count_hidden":0,"_bbp_forum_subforum_count":0,"footnotes":""},"class_list":["post-18","page","type-page","status-publish","hentry"],"_links":{"self":[{"href":"https:\/\/estudiosgenealogicos.org\/ciudad\/wp-json\/wp\/v2\/pages\/18","targetHints":{"allow":["GET"]}}],"collection":[{"href":"https:\/\/estudiosgenealogicos.org\/ciudad\/wp-json\/wp\/v2\/pages"}],"about":[{"href":"https:\/\/estudiosgenealogicos.org\/ciudad\/wp-json\/wp\/v2\/types\/page"}],"author":[{"embeddable":true,"href":"https:\/\/estudiosgenealogicos.org\/ciudad\/wp-json\/wp\/v2\/users\/20"}],"replies":[{"embeddable":true,"href":"https:\/\/estudiosgenealogicos.org\/ciudad\/wp-json\/wp\/v2\/comments?post=18"}],"version-history":[{"count":9,"href":"https:\/\/estudiosgenealogicos.org\/ciudad\/wp-json\/wp\/v2\/pages\/18\/revisions"}],"predecessor-version":[{"id":577,"href":"https:\/\/estudiosgenealogicos.org\/ciudad\/wp-json\/wp\/v2\/pages\/18\/revisions\/577"}],"wp:attachment":[{"href":"https:\/\/estudiosgenealogicos.org\/ciudad\/wp-json\/wp\/v2\/media?parent=18"}],"curies":[{"name":"wp","href":"https:\/\/api.w.org\/{rel}","templated":true}]}}