{"id":12,"date":"2014-09-22T06:52:41","date_gmt":"2014-09-22T06:52:41","guid":{"rendered":"http:\/\/estudiosgenealogicos.org\/formacioncultural\/?page_id=12"},"modified":"2021-10-19T01:54:43","modified_gmt":"2021-10-19T01:54:43","slug":"grupo-de-investigacion","status":"publish","type":"page","link":"https:\/\/estudiosgenealogicos.org\/formacioncultural\/grupo-de-investigacion\/","title":{"rendered":"Grupo de Investigaci\u00f3n"},"content":{"rendered":"<p><strong>Socios Investigadores:<\/strong><\/p>\n<ul>\n<li>Rafael \u00c1ngel G\u00f3mez Chore\u00f1o (desde 2006) \/ Coordinador del Programa de Investigaci\u00f3n<\/li>\n<li>Osiris Sinuh\u00e9 Gonz\u00e1lez Romero (desde 2006)<\/li>\n<li>Francisco Javier Rivas Mesa (desde 2006)<\/li>\n<li>Bily L\u00f3pez Gonz\u00e1lez (desde 2006)<\/li>\n<li>Yolanda Angulo Parra (desde 2008)<\/li>\n<li>Iria F\u00e1tima Cede\u00f1o Escobar (desde 2008)<\/li>\n<li>Dulce Mar\u00eda Trejo Maldonado\u00a0(desde 2011)<\/li>\n<\/ul>\n<p><strong>Investigadores Asociados:<\/strong><\/p>\n<ul>\n<li>Jos\u00e9 Manuel Redondo Ornelas (desde 2008)<\/li>\n<li>Ana Luc\u00eda \u00c1lvarez Restrepo (desde 2014)<\/li>\n<li>Jos\u00e9 Roberto Romero P\u00e9rez (desde 2014)<\/li>\n<li>Nancy Vargas Mart\u00ednez (desde 2014)<\/li>\n<li>Thal\u00eda Michelle Dom\u00ednguez Granillo (desde 2014)<\/li>\n<li>Enrique Alberto Manzo Mendoza (desde 2014)<\/li>\n<li>Arturo Montoya Hern\u00e1ndez (desde 2014)<\/li>\n<li>Eduardo Alonso Ledesma Ibarra (desde 2017)<\/li>\n<li>Rafael Peralta Mart\u00ednez (desde 2018)<\/li>\n<li>Gandhi Monter Corona (desde 2018)<\/li>\n<li>Roc\u00edo Alejandra Medero Benavides (desde 2018)<\/li>\n<li>Jorge Aguas Leal (desde 2019)<\/li>\n<\/ul>\n<p><strong>Estudiantes Asociados:<\/strong><\/p>\n<ul>\n<li>Jorge Serrano Arellano (desde 2018)<\/li>\n<li>Yesica Pamela Castro Figueroa (desde 2018)<\/li>\n<li>Imani Arriaga Altamirano (desde 2020)<\/li>\n<\/ul>\n\n\n<p><\/p>\n","protected":false},"excerpt":{"rendered":"<p>Socios Investigadores: Rafael \u00c1ngel G\u00f3mez Chore\u00f1o (desde 2006) \/ Coordinador del Programa de Investigaci\u00f3n Osiris Sinuh\u00e9 Gonz\u00e1lez Romero (desde 2006) Francisco Javier Rivas Mesa (desde 2006) Bily L\u00f3pez Gonz\u00e1lez (desde 2006) Yolanda Angulo Parra (desde 2008) Iria F\u00e1tima Cede\u00f1o Escobar (desde 2008) Dulce Mar\u00eda Trejo Maldonado\u00a0(desde 2011) Investigadores Asociados: Jos\u00e9 Manuel Redondo Ornelas (desde 2008) &hellip; <\/p>\n<p class=\"link-more\"><a href=\"https:\/\/estudiosgenealogicos.org\/formacioncultural\/grupo-de-investigacion\/\" class=\"more-link\">Continuar leyendo<span class=\"screen-reader-text\"> \u00abGrupo de Investigaci\u00f3n\u00bb<\/span><\/a><\/p>\n","protected":false},"author":6,"featured_media":0,"parent":0,"menu_order":0,"comment_status":"open","ping_status":"open","template":"","meta":{"_bbp_topic_count":0,"_bbp_reply_count":0,"_bbp_total_topic_count":0,"_bbp_total_reply_count":0,"_bbp_voice_count":0,"_bbp_anonymous_reply_count":0,"_bbp_topic_count_hidden":0,"_bbp_reply_count_hidden":0,"_bbp_forum_subforum_count":0,"footnotes":""},"class_list":["post-12","page","type-page","status-publish","hentry"],"_links":{"self":[{"href":"https:\/\/estudiosgenealogicos.org\/formacioncultural\/wp-json\/wp\/v2\/pages\/12","targetHints":{"allow":["GET"]}}],"collection":[{"href":"https:\/\/estudiosgenealogicos.org\/formacioncultural\/wp-json\/wp\/v2\/pages"}],"about":[{"href":"https:\/\/estudiosgenealogicos.org\/formacioncultural\/wp-json\/wp\/v2\/types\/page"}],"author":[{"embeddable":true,"href":"https:\/\/estudiosgenealogicos.org\/formacioncultural\/wp-json\/wp\/v2\/users\/6"}],"replies":[{"embeddable":true,"href":"https:\/\/estudiosgenealogicos.org\/formacioncultural\/wp-json\/wp\/v2\/comments?post=12"}],"version-history":[{"count":11,"href":"https:\/\/estudiosgenealogicos.org\/formacioncultural\/wp-json\/wp\/v2\/pages\/12\/revisions"}],"predecessor-version":[{"id":311,"href":"https:\/\/estudiosgenealogicos.org\/formacioncultural\/wp-json\/wp\/v2\/pages\/12\/revisions\/311"}],"wp:attachment":[{"href":"https:\/\/estudiosgenealogicos.org\/formacioncultural\/wp-json\/wp\/v2\/media?parent=12"}],"curies":[{"name":"wp","href":"https:\/\/api.w.org\/{rel}","templated":true}]}}