{"id":12,"date":"2014-09-15T05:18:44","date_gmt":"2014-09-15T05:18:44","guid":{"rendered":"http:\/\/estudiosgenealogicos.org\/genealogiadelaviolencia\/?page_id=12"},"modified":"2014-09-22T19:29:29","modified_gmt":"2014-09-22T19:29:29","slug":"seminarios","status":"publish","type":"page","link":"https:\/\/estudiosgenealogicos.org\/genealogiadelaviolencia\/seminarios\/","title":{"rendered":"Seminarios"},"content":{"rendered":"<p style=\"text-align: justify\">Desde la apertura del programa \u00abGenealog\u00eda de la violencia\u00bb ha habido varios seminarios de investigaci\u00f3n.<\/p>\n<div title=\"Page 5\">\n<p>En este programa de investigaci\u00f3n hay dos seminarios permanente registrados actualmente: el seminario \u00abViolencia y espect\u00e1culo\u00bb, coordinado por Bily L\u00f3pez Gonz\u00e1lez, y el seminario \u00abEstigmatizaci\u00f3n y exterminio\u00bb, coordinado por Genaro Wong Montoya.<\/p>\n<p>&nbsp;<\/p>\n<div title=\"Page 5\">\n<p><strong>SEMINARIOS DE INVESTIGACI\u00d3N<\/strong><\/p>\n<p><strong>SI-ETM002\/2011-1 \u201cViolencia y espect\u00e1culo\u201d<\/strong><\/p>\n<\/div>\n<div title=\"Page 5\">\n<p><strong><\/strong>FECHA DE INICIO: Viernes \u00a0de febrero de 200<\/p>\n<p>FECHA DE CONCLUSIO\u0301N: Sa\u0301bado 21 de junio de 2008<\/p>\n<p>COORDINADOR: Bily L\u00f3pez Gonz\u00e1lez<\/p>\n<p>PARTICIPANTES:<\/p>\n<ul>\n<li>Gema Ivette Sarmiento Gutie\u0301rrez<\/li>\n<li>Osiris Sinuhe\u0301 Gonza\u0301lez Romero<\/li>\n<li>Rafael \u00c1ngel G\u00f3mez Chore\u00f1o<\/li>\n<li>Eduardo Villegas<\/li>\n<li>Gonzalo Rojas<\/li>\n<\/ul>\n<div title=\"Page 5\">\n<p><strong>SI-ETM002\/2011-1 \u201cEstigmatizaci\u00f3n y exterminio\u201d<\/strong><\/p>\n<\/div>\n<div title=\"Page 5\">\n<p><strong><\/strong>FECHA DE INICIO: Viernes \u00a0de febrero de 200<\/p>\n<p>FECHA DE CONCLUSIO\u0301N: Sa\u0301bado 21 de junio de 2008<\/p>\n<p>COORDINADOR: Genaro Wong Montoya<\/p>\n<p>PARTICIPANTES:<\/p>\n<ul>\n<li>Fabiola Trujano<\/li>\n<li>Mar<\/li>\n<li>Rafael \u00c1ngel G\u00f3mez Chore\u00f1o<\/li>\n<li>Genaro Wong Montoya<\/li>\n<\/ul>\n<\/div>\n<\/div>\n<p>&nbsp;<\/p>\n<p><strong>SI-ETM002\/2008-1 \u201cGenealogi\u0301a de la violencia IV\u201d<\/strong><\/p>\n<\/div>\n<div title=\"Page 5\">\n<p><strong><\/strong>FECHA DE INICIO: Sa\u0301bado 16 de febrero de 2008<\/p>\n<p>FECHA DE CONCLUSIO\u0301N: Sa\u0301bado 21 de junio de 2008<\/p>\n<p>COORDINADOR: Rafael A\u0301ngel Go\u0301mez Choren\u0303o<\/p>\n<p>PARTICIPANTES:<\/p>\n<ul>\n<li>Gema Ivette Sarmiento Gutie\u0301rrez<\/li>\n<li>Osiris Sinuhe\u0301 Gonza\u0301lez Romero<\/li>\n<li>Rafael \u00c1ngel G\u00f3mez Chore\u00f1o<\/li>\n<\/ul>\n<\/div>\n<div title=\"Page 5\">\n<p>&nbsp;<\/p>\n<p><strong>SI-ETM002\/2007-2 \u201cGenealogi\u0301a de la violencia III\u201d<\/strong><\/p>\n<p>FECHA DE INICIO: Sa\u0301bado 11 de agosto de 2007<br \/>\nFECHA DE CONCLUSIO\u0301N: Sa\u0301bado 8 de diciembre de 2007<\/p>\n<p>COORDINADOR: Rafael A\u0301ngel Go\u0301mez Choren\u0303o<\/p>\n<p>PARTICIPANTES:<\/p>\n<ul>\n<li>Gema Ivette Sarmiento Gutie\u0301rrez<\/li>\n<li>Osiris Sinuhe\u0301 Gonza\u0301lez Romero<\/li>\n<li>Rafael \u00c1ngel G\u00f3mez Chore\u00f1o<\/li>\n<\/ul>\n<\/div>\n<div title=\"Page 3\">\n<p>&nbsp;<\/p>\n<p><strong>SI-ETM002\/2007-1 \u201cGenealogi\u0301a de la violencia II: la violencia y la literatura\u201d<\/strong><\/p>\n<p>FECHA DE INICIO: Sa\u0301bado 10 de febrero de 2007<\/p>\n<p>FECHA DE CONCLUSIO\u0301N: Sa\u0301bado 16 junio de 2007<\/p>\n<p>COORDINADOR: Bily Lo\u0301pez Gonza\u0301lez<\/p>\n<p>PARTICIPANTES:<\/p>\n<ul>\n<li>Gema Ivette Sarmiento Gutie\u0301rrez<\/li>\n<li>Rafael A\u0301ngel Go\u0301mez Choren\u0303o<\/li>\n<li>Gonzalo Rojas<\/li>\n<li>Osiris Sinuhe\u0301 Gonza\u0301lez Romero<\/li>\n<li>Bily L\u00f3pez Gonz\u00e1lez<\/li>\n<\/ul>\n<div title=\"Page 3\">\n<p>&nbsp;<\/p>\n<p><strong>SI-ETM002\/2006-2 \u201cGenealogi\u0301a de la violencia I: la violencia y lo sagrado\u201d<\/strong><\/p>\n<p>FECHA DE INICIO: Sa\u0301bado 5 de agosto de 2006<br \/>\nFECHA DE CONCLUSIO\u0301N: Sa\u0301bado 16 diciembre de 2006<\/p>\n<p>COORDINADOR: Rafael A\u0301ngel Go\u0301mez Choren\u0303o<\/p>\n<p>PARTICIPANTES:<\/p>\n<ul>\n<li>Gema Ivette Sarmiento Gutie\u0301rrez<\/li>\n<li>Rafael \u00c1ngel G\u00f3mez Chore\u00f1o<\/li>\n<\/ul>\n<\/div>\n<\/div>\n","protected":false},"excerpt":{"rendered":"<p>Desde la apertura del programa \u00abGenealog\u00eda de la violencia\u00bb ha habido varios seminarios de investigaci\u00f3n. En este programa de investigaci\u00f3n hay dos seminarios permanente registrados actualmente: el seminario \u00abViolencia y espect\u00e1culo\u00bb, coordinado por Bily L\u00f3pez Gonz\u00e1lez, y el seminario \u00abEstigmatizaci\u00f3n y exterminio\u00bb, coordinado por Genaro Wong Montoya. &nbsp; SEMINARIOS DE INVESTIGACI\u00d3N SI-ETM002\/2011-1 \u201cViolencia y espect\u00e1culo\u201d &hellip; <a href=\"https:\/\/estudiosgenealogicos.org\/genealogiadelaviolencia\/seminarios\/\" class=\"more-link\">Sigue leyendo <span class=\"screen-reader-text\">Seminarios<\/span><\/a><\/p>\n","protected":false},"author":6,"featured_media":0,"parent":0,"menu_order":0,"comment_status":"open","ping_status":"open","template":"","meta":{"_bbp_topic_count":0,"_bbp_reply_count":0,"_bbp_total_topic_count":0,"_bbp_total_reply_count":0,"_bbp_voice_count":0,"_bbp_anonymous_reply_count":0,"_bbp_topic_count_hidden":0,"_bbp_reply_count_hidden":0,"_bbp_forum_subforum_count":0,"footnotes":""},"class_list":["post-12","page","type-page","status-publish","hentry"],"_links":{"self":[{"href":"https:\/\/estudiosgenealogicos.org\/genealogiadelaviolencia\/wp-json\/wp\/v2\/pages\/12","targetHints":{"allow":["GET"]}}],"collection":[{"href":"https:\/\/estudiosgenealogicos.org\/genealogiadelaviolencia\/wp-json\/wp\/v2\/pages"}],"about":[{"href":"https:\/\/estudiosgenealogicos.org\/genealogiadelaviolencia\/wp-json\/wp\/v2\/types\/page"}],"author":[{"embeddable":true,"href":"https:\/\/estudiosgenealogicos.org\/genealogiadelaviolencia\/wp-json\/wp\/v2\/users\/6"}],"replies":[{"embeddable":true,"href":"https:\/\/estudiosgenealogicos.org\/genealogiadelaviolencia\/wp-json\/wp\/v2\/comments?post=12"}],"version-history":[{"count":10,"href":"https:\/\/estudiosgenealogicos.org\/genealogiadelaviolencia\/wp-json\/wp\/v2\/pages\/12\/revisions"}],"predecessor-version":[{"id":202,"href":"https:\/\/estudiosgenealogicos.org\/genealogiadelaviolencia\/wp-json\/wp\/v2\/pages\/12\/revisions\/202"}],"wp:attachment":[{"href":"https:\/\/estudiosgenealogicos.org\/genealogiadelaviolencia\/wp-json\/wp\/v2\/media?parent=12"}],"curies":[{"name":"wp","href":"https:\/\/api.w.org\/{rel}","templated":true}]}}