{"id":2,"date":"2012-12-04T08:54:51","date_gmt":"2012-12-04T08:54:51","guid":{"rendered":"http:\/\/estudiosgenealogicos.org\/gonzalochavez\/?page_id=2"},"modified":"2018-02-23T01:49:33","modified_gmt":"2018-02-23T01:49:33","slug":"pagina-ejemplo","status":"publish","type":"page","link":"https:\/\/estudiosgenealogicos.org\/gonzalochavez\/pagina-ejemplo\/","title":{"rendered":"Investigaci\u00f3n"},"content":{"rendered":"<ul>\n<li>Tesis de Licenciatura: <em>Subetividades. Paisajes entre la tristeza y la alegr\u00eda<\/em>, UACM, 2015.<\/li>\n<\/ul>\n<p>&nbsp;<\/p>\n<ul>\n<li>Miembro del Seminario permanente de investigaci\u00f3n \u201cBiopol\u00edtica y Necropol\u00edtica\u201d en la UACM, desde 2013 a la\u00a0fecha.<\/li>\n<\/ul>\n<p>&nbsp;<\/p>\n<ul>\n<li>Estudiante-asociado-investigador del Centro de Estudios Geneal\u00f3gicos de la Investigaci\u00f3n en M\u00e9xico y Am\u00e9rica Latina (CEGE-UNAM), desde 2010 a la fecha.<\/li>\n<\/ul>\n<p>&nbsp;<\/p>\n<ul>\n<li>Miembro permanente del Taller \u201cEnsayos maqu\u00ednicos\u201d en la UACM, de 2015 a 2016.<\/li>\n<\/ul>\n<p>&nbsp;<\/p>\n<ul>\n<li>Editor Invitado de la revista <em>Palabrijes<\/em>.\u00a0<em>El placer de la lengua <\/em>en el n\u00famero \u00abLa ciudad como texto\u00bb<em>.<\/em><\/li>\n<\/ul>\n<p>&nbsp;<\/p>\n<ul>\n<li>Miembro del Consejo Editorial de la revista <em>Palabrijes<\/em>.\u00a0<em>El placer de la lengua,<\/em>\u00a0desde 2012 a la fecha.<\/li>\n<\/ul>\n<p>&nbsp;<\/p>\n<ul>\n<li>Miembro del Seminario In-permanente \u201cCuerpos, pasiones y deseos: extrav\u00edos filos\u00f3ficos\u201d en la UACM, de 2010 a 2012.<\/li>\n<\/ul>\n<p>&nbsp;<\/p>\n<p>&nbsp;<\/p>\n","protected":false},"excerpt":{"rendered":"<p>Tesis de Licenciatura: Subetividades. Paisajes entre la tristeza y la alegr\u00eda, UACM, 2015. &nbsp; Miembro del Seminario permanente de investigaci\u00f3n \u201cBiopol\u00edtica y Necropol\u00edtica\u201d en la UACM, desde 2013 a la\u00a0fecha. &nbsp; Estudiante-asociado-investigador del Centro de Estudios Geneal\u00f3gicos de la Investigaci\u00f3n &hellip; <a href=\"https:\/\/estudiosgenealogicos.org\/gonzalochavez\/pagina-ejemplo\/\">Sigue leyendo <span class=\"meta-nav\">&rarr;<\/span><\/a><\/p>\n","protected":false},"author":16,"featured_media":0,"parent":0,"menu_order":0,"comment_status":"open","ping_status":"open","template":"","meta":{"_bbp_topic_count":0,"_bbp_reply_count":0,"_bbp_total_topic_count":0,"_bbp_total_reply_count":0,"_bbp_voice_count":0,"_bbp_anonymous_reply_count":0,"_bbp_topic_count_hidden":0,"_bbp_reply_count_hidden":0,"_bbp_forum_subforum_count":0,"footnotes":""},"class_list":["post-2","page","type-page","status-publish","hentry"],"_links":{"self":[{"href":"https:\/\/estudiosgenealogicos.org\/gonzalochavez\/wp-json\/wp\/v2\/pages\/2","targetHints":{"allow":["GET"]}}],"collection":[{"href":"https:\/\/estudiosgenealogicos.org\/gonzalochavez\/wp-json\/wp\/v2\/pages"}],"about":[{"href":"https:\/\/estudiosgenealogicos.org\/gonzalochavez\/wp-json\/wp\/v2\/types\/page"}],"author":[{"embeddable":true,"href":"https:\/\/estudiosgenealogicos.org\/gonzalochavez\/wp-json\/wp\/v2\/users\/16"}],"replies":[{"embeddable":true,"href":"https:\/\/estudiosgenealogicos.org\/gonzalochavez\/wp-json\/wp\/v2\/comments?post=2"}],"version-history":[{"count":3,"href":"https:\/\/estudiosgenealogicos.org\/gonzalochavez\/wp-json\/wp\/v2\/pages\/2\/revisions"}],"predecessor-version":[{"id":38,"href":"https:\/\/estudiosgenealogicos.org\/gonzalochavez\/wp-json\/wp\/v2\/pages\/2\/revisions\/38"}],"wp:attachment":[{"href":"https:\/\/estudiosgenealogicos.org\/gonzalochavez\/wp-json\/wp\/v2\/media?parent=2"}],"curies":[{"name":"wp","href":"https:\/\/api.w.org\/{rel}","templated":true}]}}