{"id":20,"date":"2014-09-22T04:30:13","date_gmt":"2014-09-22T04:30:13","guid":{"rendered":"http:\/\/estudiosgenealogicos.org\/ivettesarmiento\/?page_id=20"},"modified":"2014-09-22T05:01:19","modified_gmt":"2014-09-22T05:01:19","slug":"publicaciones","status":"publish","type":"page","link":"https:\/\/estudiosgenealogicos.org\/ivettesarmiento\/publicaciones\/","title":{"rendered":"Publicaciones"},"content":{"rendered":"<p><strong>Publicaciones en el CEGE<\/strong><\/p>\n<p>SARMIENTO GUTI\u00c9RREZ, Gema Ivette:<em>\u00a0<strong>El despertar de la bestia a la vida intelectual\u00a0<\/strong><\/em>[Libro digital]. M\u00e9xico, Centro de Estudios Geneal\u00f3gicos (Cuadernos del CEGE, 16, Genealog\u00eda de la violencia), 2014. [ISBN: en tr\u00e1mite]<\/p>\n<p>SARMIENTO GUTI\u00c9RREZ, Gema Ivette:<em>\u00a0<strong>Tortura, violencia y justicia\u00a0<\/strong><\/em>[Libro digital]. M\u00e9xico, Centro de Estudios Geneal\u00f3gicos (Cuadernos del CEGE, 5, Genealog\u00eda de la violencia), 2014. [ISBN: en tr\u00e1mite]<\/p>\n<p>SARMIENTO GUTI\u00c9RREZ, Gema Ivette:<em>\u00a0<strong>La posibilidad de una estetizaci\u00f3n de la \u00c9tica y el cuidado de s\u00ed\u00a0<\/strong><\/em>[Libro digital]. M\u00e9xico, Centro de Estudios Geneal\u00f3gicos (Cuadernos del CEGE, 3, \u00c9tica y Filosof\u00eda Pol\u00edtica), 2014. [ISBN: en tr\u00e1mite]<\/p>\n<p><strong>Publicaciones Externas<\/strong><\/p>\n","protected":false},"excerpt":{"rendered":"<p>Publicaciones en el CEGE SARMIENTO GUTI\u00c9RREZ, Gema Ivette:\u00a0El despertar de la bestia a la vida intelectual\u00a0[Libro digital]. M\u00e9xico, Centro de Estudios Geneal\u00f3gicos (Cuadernos del CEGE, 16, Genealog\u00eda de la violencia), 2014. [ISBN: en tr\u00e1mite] SARMIENTO GUTI\u00c9RREZ, Gema Ivette:\u00a0Tortura, violencia y &hellip; <a href=\"https:\/\/estudiosgenealogicos.org\/ivettesarmiento\/publicaciones\/\">Sigue leyendo <span class=\"meta-nav\">&rarr;<\/span><\/a><\/p>\n","protected":false},"author":7,"featured_media":0,"parent":0,"menu_order":0,"comment_status":"open","ping_status":"open","template":"","meta":{"_bbp_topic_count":0,"_bbp_reply_count":0,"_bbp_total_topic_count":0,"_bbp_total_reply_count":0,"_bbp_voice_count":0,"_bbp_anonymous_reply_count":0,"_bbp_topic_count_hidden":0,"_bbp_reply_count_hidden":0,"_bbp_forum_subforum_count":0,"footnotes":""},"class_list":["post-20","page","type-page","status-publish","hentry"],"_links":{"self":[{"href":"https:\/\/estudiosgenealogicos.org\/ivettesarmiento\/wp-json\/wp\/v2\/pages\/20","targetHints":{"allow":["GET"]}}],"collection":[{"href":"https:\/\/estudiosgenealogicos.org\/ivettesarmiento\/wp-json\/wp\/v2\/pages"}],"about":[{"href":"https:\/\/estudiosgenealogicos.org\/ivettesarmiento\/wp-json\/wp\/v2\/types\/page"}],"author":[{"embeddable":true,"href":"https:\/\/estudiosgenealogicos.org\/ivettesarmiento\/wp-json\/wp\/v2\/users\/7"}],"replies":[{"embeddable":true,"href":"https:\/\/estudiosgenealogicos.org\/ivettesarmiento\/wp-json\/wp\/v2\/comments?post=20"}],"version-history":[{"count":5,"href":"https:\/\/estudiosgenealogicos.org\/ivettesarmiento\/wp-json\/wp\/v2\/pages\/20\/revisions"}],"predecessor-version":[{"id":37,"href":"https:\/\/estudiosgenealogicos.org\/ivettesarmiento\/wp-json\/wp\/v2\/pages\/20\/revisions\/37"}],"wp:attachment":[{"href":"https:\/\/estudiosgenealogicos.org\/ivettesarmiento\/wp-json\/wp\/v2\/media?parent=20"}],"curies":[{"name":"wp","href":"https:\/\/api.w.org\/{rel}","templated":true}]}}

<p><strong>Publicaciones en el CEGE</strong></p>
<p>SARMIENTO GUTIÉRREZ, Gema Ivette:<em> <strong>El despertar de la bestia a la vida intelectual </strong></em>[Libro digital]. México, Centro de Estudios Genealógicos (Cuadernos del CEGE, 16, Genealogía de la violencia), 2014. [ISBN: en trámite]</p>
<p>SARMIENTO GUTIÉRREZ, Gema Ivette:<em> <strong>Tortura, violencia y justicia </strong></em>[Libro digital]. México, Centro de Estudios Genealógicos (Cuadernos del CEGE, 5, Genealogía de la violencia), 2014. [ISBN: en trámite]</p>
<p>SARMIENTO GUTIÉRREZ, Gema Ivette:<em> <strong>La posibilidad de una estetización de la Ética y el cuidado de sí </strong></em>[Libro digital]. México, Centro de Estudios Genealógicos (Cuadernos del CEGE, 3, Ética y Filosofía Política), 2014. [ISBN: en trámite]</p>
<p><strong>Publicaciones Externas</strong></p>

<p>Publicaciones en el CEGE SARMIENTO GUTIÉRREZ, Gema Ivette: El despertar de la bestia a la vida intelectual [Libro digital]. México, Centro de Estudios Genealógicos (Cuadernos del CEGE, 16, Genealogía de la violencia), 2014. [ISBN: en trámite] SARMIENTO GUTIÉRREZ, Gema Ivette: Tortura, violencia y &hellip; <a href="https://estudiosgenealogicos.org/ivettesarmiento/publicaciones/">Sigue leyendo <span class="meta-nav">&rarr;</span></a></p>
