{"id":78,"date":"2015-01-18T03:39:20","date_gmt":"2015-01-18T03:39:20","guid":{"rendered":"http:\/\/estudiosgenealogicos.org\/transitossutiles\/?page_id=78"},"modified":"2015-01-24T19:41:34","modified_gmt":"2015-01-24T19:41:34","slug":"eje-creativo","status":"publish","type":"page","link":"https:\/\/estudiosgenealogicos.org\/transitossutiles\/eje-creativo\/","title":{"rendered":"Eje Creativo"},"content":{"rendered":"<p><strong>Tr\u00e1nsitos Sutiles <\/strong>mantiene una investigaci\u00f3n \u00a0art\u00edstica constante en torno a la creaci\u00f3n esc\u00e9nica \u00a0proveniente de experiencias som\u00e1ticas.<\/p>\n<p>A partir, principalmente, de \u00a0la experiencia de dos M\u00e9todos de Educaci\u00f3n Som\u00e1tica, \u00a0Feldenkrais y Body-Mind Movement, se genera una hipersensibilizaci\u00f3n a trav\u00e9s del movimiento de la cual emergen diversas propuestas de composici\u00f3n \u00a0esc\u00e9nica y performance.<\/p>\n<p>El m\u00e9todo Feldenkrais es una forma de \u201cense\u00f1ar a las personas a acrecentar tanto su conciencia f\u00edsica como mental con el fin de que puedan explotar al m\u00e1ximo el potencial inherente a cada una\u201d (Yochanan Rywerant) de manera que aprenda a aprender una actitud consciente que le permita modificar sus acciones seg\u00fan sus circunstancias y anhelos.<\/p>\n<p>El M\u00e9todo de Educacion Som\u00e0tica del Body-Mind Movement \u00a0propicia la integraci\u00f3n corporal, mediante la visualizaci\u00f3n, la somatizaci\u00f3n, el tacto y el movimiento, \u00a0para generar una\u00a0coordinaci\u00f3n entre la percepci\u00f3n que la persona tiene de s\u00ed siendo cuerpo y la capacidad de atender y responder \u00a0a su ambiente respetando dicha percepci\u00f3n.<\/p>\n<p>Es en torno a los sutiles y diversos matices de experiencia que se generan con la pr\u00e1ctica de ambos m\u00e9todos, que los artistas del n\u00facleo se ven congregados para desarrollar los elementos necesarios para conducir dichos matices a la escena.<\/p>\n<p>En la presente secci\u00f3n encontrar\u00e1n una muestra de las creaciones esc\u00e9nicas desarrolladas y acogidas por este N\u00facleo Creativo , as\u00ed como de los diversos programas a los que ellas han dado lugar.<\/p>\n<p>&nbsp;<\/p>\n<p>&nbsp;<\/p>\n<p>&nbsp;<\/p>\n<p>&nbsp;<\/p>\n<p>&nbsp;<\/p>\n","protected":false},"excerpt":{"rendered":"<p>Tr\u00e1nsitos Sutiles mantiene una investigaci\u00f3n \u00a0art\u00edstica constante en torno a la creaci\u00f3n esc\u00e9nica \u00a0proveniente de experiencias som\u00e1ticas. A partir, principalmente, de \u00a0la experiencia de dos M\u00e9todos de Educaci\u00f3n Som\u00e1tica, \u00a0Feldenkrais y Body-Mind Movement, se genera una hipersensibilizaci\u00f3n a trav\u00e9s del &hellip; <a href=\"https:\/\/estudiosgenealogicos.org\/transitossutiles\/eje-creativo\/\">Sigue leyendo <span class=\"meta-nav\">&rarr;<\/span><\/a><\/p>\n","protected":false},"author":4,"featured_media":0,"parent":0,"menu_order":0,"comment_status":"open","ping_status":"open","template":"","meta":{"_bbp_topic_count":0,"_bbp_reply_count":0,"_bbp_total_topic_count":0,"_bbp_total_reply_count":0,"_bbp_voice_count":0,"_bbp_anonymous_reply_count":0,"_bbp_topic_count_hidden":0,"_bbp_reply_count_hidden":0,"_bbp_forum_subforum_count":0,"footnotes":""},"class_list":["post-78","page","type-page","status-publish","hentry"],"_links":{"self":[{"href":"https:\/\/estudiosgenealogicos.org\/transitossutiles\/wp-json\/wp\/v2\/pages\/78","targetHints":{"allow":["GET"]}}],"collection":[{"href":"https:\/\/estudiosgenealogicos.org\/transitossutiles\/wp-json\/wp\/v2\/pages"}],"about":[{"href":"https:\/\/estudiosgenealogicos.org\/transitossutiles\/wp-json\/wp\/v2\/types\/page"}],"author":[{"embeddable":true,"href":"https:\/\/estudiosgenealogicos.org\/transitossutiles\/wp-json\/wp\/v2\/users\/4"}],"replies":[{"embeddable":true,"href":"https:\/\/estudiosgenealogicos.org\/transitossutiles\/wp-json\/wp\/v2\/comments?post=78"}],"version-history":[{"count":10,"href":"https:\/\/estudiosgenealogicos.org\/transitossutiles\/wp-json\/wp\/v2\/pages\/78\/revisions"}],"predecessor-version":[{"id":219,"href":"https:\/\/estudiosgenealogicos.org\/transitossutiles\/wp-json\/wp\/v2\/pages\/78\/revisions\/219"}],"wp:attachment":[{"href":"https:\/\/estudiosgenealogicos.org\/transitossutiles\/wp-json\/wp\/v2\/media?parent=78"}],"curies":[{"name":"wp","href":"https:\/\/api.w.org\/{rel}","templated":true}]}}